 -4 + 4 + (-9 - -23).
14
Evaluate -44 - (-3 + -8 - 20).
-13
Calculate (-5 + -1 + (7 - 6) - -5) + 5.
5
(0 - 1) + -2 - ((-54 - 9) + 68)
-8
Evaluate 3 - (-32 + (38 - 18)).
15
-22 + 1 + (-440 - -452)
-9
What is -10 + (7 - 12 - 0 - -6)?
-9
What is the value of (0 - -7) + (-10 - (-23 - -18))?
2
-3524 - -3519 - (1 + 1 + -26 + -2)
21
What is (-1 + -13 - (191 - 195)) + 10 - -7?
7
What is the value of -98 - -98 - (6 + 23)?
-29
Calculate 17 + ((-3 - -15 - 9) + 3 - 5).
18
What is (-6 + 11 - (4 + -2 + -3)) + 5?
11
What is 8 - ((-5 - (0 + -13 - -2)) + -2)?
4
What is (-3 + 13 - (15 + -7)) + (-19 - -2)?
-15
What is -3 + -13 + 12 + 11?
7
Evaluate 7 + (16 + -18 - (2 + (0 - -3))).
0
Calculate (13 - (-2 - -6)) + -22 + 8.
-5
What is the value of 0 + -2 + (-2 - -3) + 3 - -8?
10
What is -6 + 12 + -13 + 11?
4
Evaluate 5 + (7 - (0 + 7) - (-3 - 0)).
8
Evaluate 8 - (21 + -11) - -3.
1
Calculate 2 + -10 - (-35 - -22).
5
Evaluate (7 - -2 - (-26 + 47)) + -8 + 3.
-17
-22 - (-14 - (-1 - 8) - 1)
-16
Evaluate 13 + 33 - (6 - -10).
30
What is -3 + (29 - 50 - -14)?
-10
Evaluate 6 - (2 + -4) - (87 + -77).
-2
What is the value of 2 + -11 + -183 + 189?
-3
What is the value of 17 + -4 + -2 + -2 + -29?
-20
Evaluate -3 - (3 + -2 - -11 - 4).
-11
(-744 - -729) + (-14 - 1)
-30
What is the value of 3 - 20 - (41 + -50)?
-8
Evaluate 713 + -717 + 3 + (1 - 2) + -1.
-3
What is -10 - -1 - (-22 - 15 - -24)?
4
What is -46 + (-76 - -116) + (1 + -16 - 0)?
-21
What is the value of 6 - 8 - (3 + -21)?
16
Calculate 11 + -11 + -1 + 7.
6
What is 0 + -4 - (30 + (-4 - 13 - -13))?
-30
Evaluate -1 + -20 - (-23 - -8).
-6
What is the value of 11 + -4 + -8 + -6?
-7
0 + 40 + (571 - 598)
13
What is 10 + 22 + -42 + 6?
-4
What is the value of (-5 - 0) + (3 + 15 - 23)?
-10
-28 + (37 - (-19 + 35))
-7
What is 8 + -3 - (2 + -10 - -15)?
-2
What is the value of 1 + -14 - (38 + -3 + -30)?
-18
What is the value of -2 + 2 + 1 - (11 + (2 - 8))?
-4
-7 + 0 + -5 + (12 - 3) + -3
-6
-340 + 356 - (1 - -21)
-6
Evaluate 5 + (-11 - -13) + -2.
5
What is the value of 18 - ((-15 - -20) + 2)?
11
What is (-3 - 2) + (-252 - -254)?
-3
What is -28 + -1 + 5 + -6 + 14?
-16
-6 - (10 + -3 + -12 + 8)
-9
What is the value of 52 + -11 + 3 + -9 + 0?
35
-21 - (1 + -25 - -9)
-6
Calculate -2 - (8 - (-11 - -15)) - 3.
-9
What is -4 + 5 + (3 - -1) + -19?
-14
Calculate -2 + 5 - (17 + -19 - (2 + -6)).
1
-1 - 12 - 10 - -7
-16
Calculate 8 + 1 - 13 - 5.
-9
0 + (6 + -17 - -9)
-2
14 - (-1 + -2 + (-14 - -20) + -2)
13
What is the value of -9 - (1 - 0 - (-62 - -54))?
-18
11 - (-6 - 8 - -23)
2
Evaluate (26 - (15 + 4)) + -24.
-17
Evaluate 0 - (-5 - -1) - (-6 - -4 - 2).
8
Evaluate 15 + -7 + (-21 - 3).
-16
-17 - ((-3 - (-5 - 17)) + -8) - 3
-31
What is (-4 - -2) + -8 + 5 + 5 + 11?
11
What is -37 - (20 - 43) - 8?
-22
What is the value of -10 + 6 + 2 - (2 + -3) - 4?
-5
What is (1 - -2) + 66 + -71 - -3?
1
What is 30 - ((10 + -21 - -10) + 9)?
22
-27 + 19 + (12 - (3 + -1))
2
Calculate 19 - 4 - (4 + (5 - -1)).
5
What is -39 + 5 + 0 + -160 + 173?
-21
Evaluate 21 + (31 - 28 - (2 - 11)) - -8.
41
Evaluate (5 - 0 - (-20 - -21)) + 4 + -2.
6
What is the value of 20 + (3 - (11 + (-7 - -8)))?
11
6 + (2 - -5 - (40 - 32))
5
What is the value of -20 + 0 + (-4 - -6) - (55 + -60)?
-13
What is the value of 14 - 9 - 17 - -21?
9
What is (-5 - 3 - (28 - 25)) + 5?
-6
Calculate (-8 - (-17 + 7) - 7) + 7 + -7.
-5
-3 + (3 - 1 - (3 + -19 - -7))
8
Calculate -1 - (-40 - -3 - (-20 - -15)) - 9.
22
What is the value of -2 + -5 - -14 - 14 - 4?
-11
Calculate 5 + -3 + 5 + -9 + 5.
3
What is the value of -6 + (5 - ((9 - 2) + 63 + -73))?
2
What is the value of -4 - 0 - -2 - (-589 - -578)?
9
8 - (-22 + 48 + -19)
1
What is the value of (-2 + 3 - (-1 - -3)) + (-456 - -465)?
8
Evaluate -12 + 21 + (-10 - (4 - 2)).
-3
-45 - -20 - -49 - (3 + -12) - 1
32
What is the value of -26 + (-3 - (-41 + 29))?
-17
Calculate 27 - (-2 + (4 - -6)).
19
Evaluate -10 + 2 + -2 + 1 - (-91 - -71).
11
Evaluate 74 - 77 - (23 + (2 - 3)).
-25
-2 + 2 + -9 + (7 - 7) - 3
-12
What is (12 + -62 - -35) + 28?
13
(27 + -9 - 27) + (-4 - 3)
-16
Calculate (1 - -3) + -3 + 3 + -16.
-12
Evaluate -1 - (-1 + (-34 - -21)).
13
Evaluate -1 + 5 + (-1 + 1 - 6).
-2
What is -4 - -9 - ((13 - 23) + 6 + -1)?
10
45 + -40 + (-3 - (-2 - 1))
5
What is -8 + 9 + -1 + -4 + -2?
-6
-2 + 0 + (2 - 26 - (-16 + 1))
-11
Calculate (-48 - -11 - -14) + 16.
-7
-39 - 0 - (1162 + -1190)
-11
What is the value of -2 + -8 - (-28 + 11)?
7
Calculate -6 + 33 - (36 + -32).
23
Evaluate 22 + -1 - (35 + (-5 - 21)).
12
What is 7 + -5 + (8 - (12 - 5) - -5)?
8
Calculate (16 - 18) + -14 - -10.
-6
-21 - (-7 - 2) - (5 + -8)
-9
What is the value of -10 - (-26 + 39 - (6 - (6 - 5)))?
-18
Calculate -10 - ((9 - (5 + -6)) + -2 + 14).
-32
(2 - 6 - 0) + (7 - (-1 - -1))
3
What is 23 + (-17 - -29) + -29?
6
(39 - 57) + (-1 - 3) + -2
-24
What is (18 - 3) + -5 + (-13 - (-42 + 9))?
30
What is the value of 3 + 5 + -2 + -132 + 122 + -6?
-10
What is -4 + 0 - (46 - 52)?
2
6 + -34 + 30 - 1
1
Evaluate -19 + 4 - (8 + -25 - (-4 + -7)).
-9
Calculate 81 + -84 - (3 - 6 - -1).
-1
What is 23 - (38 + 18 + -44)?
11
0 + -21 + (5 + -1 - (1 - 5))
-13
What is the value of (-6 - (-1 + -6)) + 1 + 2 + -8?
-4
-8 - (3 - (3 + 10 + 0))
2
What is the value of (13 - 1) + 160 + -172 + 0?
0
Calculate 2 + -1 + 3 - (-395 + 366).
33
Evaluate -8 - 6 - (20 + (-1 - 8)).
-25
Evaluate (3 - 1) + 0 + -2.
0
Evaluate 18 - ((-163 - -172) + (2 - 3)).
10
What is 0 - 4 - 9 - (1 + -11 - -12)?
-15
What is (9 - -1 - (-22 - -22)) + 5?
15
What is the value of 1577 + -1579 + (3 - (-1 - -2))?
0
Calculate 27 + -4 + -4 + -16.
3
Calculate 1 + -8 + (3 - 8 - -23).
11
What is the value of 35 + -18 - (18 - -11)?
-12
What is (-7 + 4 - -4) + (0 - (-6 + 2))?
5
What is (7 - 2) + 5 + 2 + 1?
13
What is -6 - -1 - (3 - 24 - -21) - -6?
1
What is the value of -7 + -2 - (-16 - -1)?
6
What is (-5 - (14 - 7) - -4) + 16?
8
What is the value of 0 - 15 - (-16 + 6 + 5)?
-10
What is -9 + (-15 - -20 - 1)?
-5
Calculate 7 + (6 - 10) + (7 - 3).
7
What is -10 + (-2 - (-19 - (-14 + 5 + -3)))?
-5
What is the value of (-12 - 5) + 3 - -9?
-5
Calculate (-41 - -1 - -9) + 8 + 5.
-18
-1 - 3 - (-103 - -93)
6
What is -7 + 16 + -28 - -17?
-2
9 + (-32 - -17 - -4)
-2
18 + -24 - (2 + (2 + -5 - 3))
-2
7 - ((12 - -7) + -16 + (19 - -3))
-18
What is the value of 15 + 6 + -7 + -1 + -4?
9
Calculate (8 - (-57 - -52)) + (0 - 6).
7
-9 + (-7 - 1 - -10) + 1
-6
Calculate (409 - 407) + (3 - ((-1 - -4) + 3)).
-1
Evaluate (-45 - -42) + (-1 - 10 - 2) + 1.
-15
-6 + 12 + -5 + -7
-6
Calculate 7 + (-13 + 11 - -19 - 12).
12
What is the value of 24 - 2 - (6 + (10 - -1) + -14)?
19
What is (15 - 2) + (77 - 98)?
-8
5 + 13 + -8 + -34
-24
(-7 - -18) + -2 + 6 + -9
6
Calculate -4 - (-8 - (1 - 5 - 0)).
0
Calculate (-20 - -29) + -9 + -7.
-7
Evaluate 10 - (-3 - (-5 + -3)) - (23 - 0).
-18
Calculate 2 + -3 + 5 + 7 + -5 + 1.
7
Calculate 6 - (9 + -17) - 9 - (-6 + 2).
9
Calculate -10 + (-1 - 7) + 6 + 1 + -1.
-12
Evaluate 13 + 3 - 10 - 0 - 7.
-1
What is 6 + -3 + 6 + -17?
-8
Calculate -5 + (-37 + (3 - -9) - -3).
-27
-224 + 204 - (-34 + 1) - (-11 + 1)
23
-5 - (-24 + (-15 - -24))
10
Evaluate (13 - 1) + 38 + (-45 - -5).
10
Evaluate 28 - (17 + (26 - 4)).
-11
(26 - 7 - 15) + -9 + -7 + 9
-3
-8 - 2 - (-31 + 3 + 11) - -9
16
(5 + -32 - -34) + -6
1
What is (15 - 7) + -5 - (6 + -1)?
-2
What is the value of -5 - (-2 - 17 - (-10 + 4 + 0))?
8
What is (2 - 3) + -5 + 6 + 20?
20
What is -11 + 3 + 4 + 11 - (5 - 15)?
17
What is -2 + 6 + -6 + (0 + 3 - -14)?
15
What is the value of 4 + (-8 - 7) - -22?
11
What is the value of 23 + 990 + -1008 + (0 - -8) + 0?
13
Calculate 5 + -12 + 17 - (1 + -3).
12
What is 17 + -5 - (1 - -10)?
1
What is the value of 4 + (-7 + -1 - (23 - 18))?
-9
What is -9 + (25 - 1) - -7?
22
12 + (3 - 0 - (9 - 7)) + -5
8
What is -9 + 5 + 11 + 39 + -22 - -3?
27
366 + -358 + (2 + -3 - 1)
6
Calculate 3 - (11 - 0) - (9 + -15) - -3.
1
(5 + -48 - -30) + -2
-15
10 - (9 + 5 + -1)
-3
What is -821 + 786 + (0 - -18)?
-17
What is the value of (-276 - -303) + (-12 - -2)?
17
Evaluate -3 - (5 - -2 - ((-14 - -13) + 16)).
5
Calculate (49 + -30 - 30) + 8.
-3
Evaluate (-23 - -4) + (-48 - (-57 - -26)).
-36
Calculate (865 - 879) + (1 - -35).
22
What is the value of 10 - 8 - (3 + (15 - 21))?
5
What is the value of (-12 - -9) + 6 - 10?
-7
What is the value of -5 + 25 + -6 